ousands digit of 289201745?
0
What is the units digit of 51856664?
4
What is the hundred thousands digit of 63564243?
5
What is the hundred millions digit of 200410494?
2
What is the millions digit of 488326896?
8
What is the ten thousands digit of 81471985?
7
What is the tens digit of 1351719146?
4
What is the ten millions digit of 150161773?
5
What is the ten millions digit of 6142664542?
4
What is the units digit of 42749664?
4
What is the ten thousands digit of 124968663?
6
What is the thousands digit of 2418649851?
9
What is the thousands digit of 1526658387?
8
What is the units digit of 342199297?
7
What is the hundred thousands digit of 2280794753?
7
What is the millions digit of 177830527?
7
What is the hundred millions digit of 2218105464?
2
What is the billions digit of 3690391355?
3
What is the ten millions digit of 251176522?
5
What is the hundred millions digit of 129512711?
1
What is the hundreds digit of 636989544?
5
What is the thousands digit of 3236833?
6
What is the units digit of 564852475?
5
What is the ten millions digit of 34900071?
3
What is the hundreds digit of 68208339?
3
What is the units digit of 170984?
4
What is the thousands digit of 86829235?
9
What is the thousands digit of 1902044656?
4
What is the ten thousands digit of 105941600?
4
What is the hundred millions digit of 177418650?
1
What is the ten thousands digit of 164334235?
3
What is the hundreds digit of 7589867971?
9
What is the hundreds digit of 828391204?
2
What is the millions digit of 84501601?
4
What is the thousands digit of 89257694?
7
What is the hundreds digit of 885415750?
7
What is the units digit of 358114256?
6
What is the thousands digit of 280948568?
8
What is the hundred millions digit of 166422794?
1
What is the units digit of 809881753?
3
What is the hundred thousands digit of 214559705?
5
What is the billions digit of 2065041590?
2
What is the thousands digit of 12350943?
0
What is the ten millions digit of 1643165150?
4
What is the tens digit of 23486367?
6
What is the tens digit of 68478676?
7
What is the hundred millions digit of 155297458?
1
What is the hundred millions digit of 449767758?
4
What is the ten millions digit of 402412881?
0
What is the hundred thousands digit of 604117640?
1
What is the hundreds digit of 205284905?
9
What is the tens digit of 18552787?
8
What is the thousands digit of 53756188?
6
What is the ten millions digit of 160372055?
6
What is the units digit of 3481396383?
3
What is the hundred thousands digit of 43200749?
2
What is the ten thousands digit of 29453834?
5
What is the millions digit of 3756735539?
6
What is the tens digit of 9419412?
1
What is the billions digit of 1396601844?
1
What is the thousands digit of 5537556653?
6
What is the ten thousands digit of 2881929888?
2
What is the hundreds digit of 1115932182?
1
What is the hundred thousands digit of 15135640?
1
What is the hundred thousands digit of 5491338211?
3
What is the thousands digit of 839844068?
4
What is the hundred thousands digit of 21833210?
8
What is the units digit of 1764311073?
3
What is the tens digit of 932545456?
5
What is the thousands digit of 1720350360?
0
What is the hundreds digit of 174714366?
3
What is the ten millions digit of 2117281711?
1
What is the hundred millions digit of 542880926?
5
What is the ten millions digit of 1755307715?
5
What is the hundred thousands digit of 639591399?
5
What is the tens digit of 90002893?
9
What is the hundred thousands digit of 464712202?
7
What is the hundred thousands digit of 1768423917?
4
What is the ten millions digit of 132293034?
3
What is the billions digit of 1984490914?
1
What is the units digit of 79957046?
6
What is the units digit of 1879135784?
4
What is the ten thousands digit of 3994800772?
0
What is the hundred millions digit of 2739518488?
7
What is the ten thousands digit of 212288994?
8
What is the units digit of 102446318?
8
What is the tens digit of 166794935?
3
What is the ten millions digit of 22234584?
2
What is the hundred thousands digit of 50574334?
5
What is the hundred thousands digit of 404003655?
0
What is the ten millions digit of 586946434?
8
What is the hundreds digit of 866514479?
4
What is the units digit of 280314780?
0
What is the hundred millions digit of 109913001?
1
What is the hundreds digit of 395428448?
4
What is the ten thousands digit of 579916699?
1
What is the hundred millions digit of 198170182?
1
What is the hundred millions digit of 1845532809?
8
What is the ten millions digit of 44311209?
4
What is the units digit of 89358382?
2
What is the ten thousands digit of 435479024?
7
What is the millions digit of 285442340?
5
What is the ten millions digit of 58929526?
5
What is the thousands digit of 484922657?
2
What is the hundred millions digit of 6071225074?
0
What is the hundred millions digit of 4145358471?
1
What is the thousands digit of 84905791?
5
What is the hundreds digit of 4276648?
6
What is the thousands digit of 26660522?
0
What is the thousands digit of 1444629932?
9
What is the thousands digit of 2877688418?
8
What is the hundred millions digit of 116701519?
1
What is the tens digit of 47454026?
2
What is the hundreds digit of 3381169988?
9
What is the tens digit of 1132528664?
6
What is the ten millions digit of 197966720?
9
What is the hundred thousands digit of 1622285750?
2
What is the hundred thousands digit of 23748710?
7
What is the hundred thousands digit of 52701265?
7
What is the tens digit of 49417504?
0
What is the tens digit of 56462668?
6
What is the thousands digit of 4934823563?
3
What is the ten thousands digit of 399698470?
9
What is the units digit of 5347958384?
4
What is the hundred millions digit of 2051398470?
0
What is the millions digit of 6407759?
6
What is the ten millions digit of 136267917?
3
What is the thousands digit of 2506752348?
2
What is the ten millions digit of 505769982?
0
What is the tens digit of 53525898?
9
What is the tens digit of 25096858?
5
What is the tens digit of 600607391?
9
What is the units digit of 84424887?
7
What is the millions digit of 216284444?
6
What is the millions digit of 46663464?
6
What is the millions digit of 185417195?
5
What is the thousands digit of 1535347307?
7
What is the billions digit of 6111433819?
6
What is the billions digit of 4255080174?
4
What is the units digit of 4212269?
9
What is the hundred thousands digit of 44932009?
9
What is the hundreds digit of 440670157?
1
What is the millions digit of 70248503?
0
What is the ten thousands digit of 92181443?
8
What is the ten millions digit of 2901151151?
0
What is the millions digit of 2423503609?
3
What is the hundred thousands digit of 1872696631?
6
What is the tens digit of 26418811?
1
What is the units digit of 5446367696?
6
What is the hundred thousands digit of 90720310?
7
What is the thousands digit of 28192766?
2
What is the ten thousands digit of 176342151?
4
What is the ten thousands digit of 3470118664?
1
What is the units digit of 180764725?
5
What is the ten millions digit of 1925494571?
2
What is the ten thousands digit of 3520128095?
2
What is the thousands digit of 1216653044?
3
What is the units digit of 702314975?
5
What is the units digit of 1077762970?
0
What is the units digit of 62942992?
2
What is the hundred thousands digit of 1286722385?
7
What is the ten thousands digit of 1072858415?
5
What is the thousands digit of 3741071290?
1
What is the millions digit of 461567891?
1
What is the units digit of 196823884?
4
What is the hundred thousands digit of 155317087?
3
What is the tens digit of 213222971?
7
What is the hundreds digit of 19333455?
4
What is the tens digit of 656069770?
7
What is the billions digit of 1988608211?
1
What is the tens digit of 340220227?
2
What is the ten millions digit of 3299274624?
9
What is the hundred thousands digit of 39769036?
7
What is the thousands digit of 193805128?
5
What is the units digit of 7814344?
4
What is the hundred thousands digit of 555450720?
4
What is the tens digit of 370820522?
2
What is the tens digit of 614767977?
7
What is the ten thousands digit of 593564297?
6
What is the ten millions digit of 46132129?
4
What is the hundred thousands digit of 14401975?
4
What is the ten thousands digit of 1672181929?
8
